{"id":70,"date":"2025-12-27T12:24:30","date_gmt":"2025-12-27T12:24:30","guid":{"rendered":"https:\/\/lmservice81.fr\/index.php\/contact\/"},"modified":"2026-03-26T13:25:33","modified_gmt":"2026-03-26T13:25:33","slug":"contact","status":"publish","type":"page","link":"https:\/\/lmservice81.fr\/index.php\/contact\/","title":{"rendered":""},"content":{"rendered":"\n<div class=\"wp-block-cover\" style=\"border-top-left-radius:20px;border-top-right-radius:20px;border-bottom-left-radius:20px;border-bottom-right-radius:20px;min-height:67px;aspect-ratio:unset;\"><span aria-hidden=\"true\" class=\"wp-block-cover__background has-custom-color-2-background-color has-background-dim-100 has-background-dim\"><\/span><div class=\"wp-block-cover__inner-container has-global-padding is-layout-constrained wp-block-cover-is-layout-constrained\">\n<p class=\"has-text-align-center has-custom-color-1-color has-text-color has-link-color has-large-font-size wp-elements-fe2492995dd2c9ddfab5eda0d652bc07\"><strong><strong>Contactez LM Service<\/strong><\/strong><\/p>\n<\/div><\/div>\n\n\n\n<hr class=\"wp-block-separator has-alpha-channel-opacity\"\/>\n\n\n\n<p class=\"has-text-align-center has-system-sans-serif-font-family\" style=\"font-size:clamp(14px, 0.875rem + ((1vw - 3.2px) * 0.313), 17px);\">Besoin d\u2019un d\u00e9pannage, d\u2019un petit bricolage ou d\u2019une intervention rapide ? Je suis \u00e0 votre disposition pour r\u00e9pondre \u00e0 toutes vos demandes. <\/p>\n\n\n\n<p class=\"has-text-align-center has-system-sans-serif-font-family\" style=\"font-size:clamp(14px, 0.875rem + ((1vw - 3.2px) * 0.313), 17px);\">N\u2019h\u00e9sitez pas \u00e0 me contacter directement, je vous r\u00e9pondrai dans <strong>les plus brefs d\u00e9lais<\/strong> pour \u00e9tablir un devis qui corresponde \u00e0 vos attentes !<\/p>\n\n\n\n<div style=\"height:10px\" aria-hidden=\"true\" class=\"wp-block-spacer\"><\/div>\n\n\n\n<hr class=\"wp-block-separator has-alpha-channel-opacity\"\/>\n\n\n\n<div style=\"height:10px\" aria-hidden=\"true\" class=\"wp-block-spacer\"><\/div>\n\n\n\n<p class=\"has-text-align-center has-josefin-sans-font-family has-large-font-size\"><strong>Coordonn\u00e9es directes<\/strong><\/p>\n\n\n\n<p class=\"has-text-align-left has-system-sans-serif-font-family\" style=\"font-size:clamp(14px, 0.875rem + ((1vw - 3.2px) * 0.313), 17px);\"><strong>Localisation :<\/strong> Dans le <strong>Tarn<\/strong> (81), <a href=\"https:\/\/www.google.com\/maps\/place\/Rabastens\" data-type=\"link\" data-id=\"https:\/\/www.google.com\/maps\/place\/Rabastens\">Rabastens<\/a>, <a href=\"https:\/\/www.google.com\/maps\/place\/Coufouleux\" data-type=\"link\" data-id=\"https:\/\/www.google.com\/maps\/place\/Coufouleux\">Coufouleux<\/a>, <a href=\"https:\/\/www.google.fr\/maps\/place\/Albi\" target=\"_blank\" rel=\"noreferrer noopener\">Albi<\/a>, <a href=\"http:\/\/www.google.com\/maps\/place\/81600+Gaillac\">Gaillac<\/a> et alentours<\/p>\n\n\n\n<p class=\"has-system-sans-serif-font-family\" style=\"font-size:clamp(14px, 0.875rem + ((1vw - 3.2px) * 0.313), 17px);\"><strong>T\u00e9l\u00e9phone :<\/strong> <a href=\"tel:+33614334714\" target=\"_blank\" rel=\"noreferrer noopener\">06 14 33 47 14<\/a> (appel ou SMS)<\/p>\n\n\n\n<p class=\"has-system-sans-serif-font-family\" style=\"font-size:clamp(14px, 0.875rem + ((1vw - 3.2px) * 0.313), 17px);\"><strong>Email :<\/strong> <a href=\"mailto:contact@lmservice81.fr\" target=\"_blank\" rel=\"noreferrer noopener\">contact@lmservice81.fr<\/a><\/p>\n\n\n\n<p class=\"has-system-sans-serif-font-family\" style=\"font-size:clamp(14px, 0.875rem + ((1vw - 3.2px) * 0.313), 17px);\"><strong>Instagram : <\/strong><a href=\"http:\/\/instagram.com\/lm.service81\" data-type=\"link\" data-id=\"instagram.com\/lm.service81\">l<\/a><a href=\"http:\/\/instagram.com\/lm.service81\" data-type=\"link\" data-id=\"instagram.com\/lm.service81\">m.service81<\/a><\/p>\n\n\n\n<div style=\"height:5px\" aria-hidden=\"true\" class=\"wp-block-spacer\"><\/div>\n\n\n\n<div class=\"wp-block-buttons is-content-justification-center is-layout-flex wp-container-core-buttons-is-layout-a89b3969 wp-block-buttons-is-layout-flex\">\n<div class=\"wp-block-button is-style-fill\"><a class=\"wp-block-button__link has-custom-color-2-color has-custom-color-1-background-color has-text-color has-background has-link-color wp-element-button\" href=\"https:\/\/docs.google.com\/forms\/d\/e\/1FAIpQLSdN6iF5ihhJy6Vbz3LdUc4G87WXDadjaFwM1dyCegN07BKj0A\/viewform?usp=header\" style=\"border-top-left-radius:30px;border-top-right-radius:30px;border-bottom-left-radius:30px;border-bottom-right-radius:30px\">\ud83d\udc49 Formulaire de demande g\u00e9n\u00e9ral \u2705<\/a><\/div>\n<\/div>\n\n\n\n<div style=\"height:10px\" aria-hidden=\"true\" class=\"wp-block-spacer\"><\/div>\n\n\n\n<hr class=\"wp-block-separator has-alpha-channel-opacity\"\/>\n\n\n\n<div style=\"height:10px\" aria-hidden=\"true\" class=\"wp-block-spacer\"><\/div>\n\n\n\n<p class=\"has-text-align-center has-josefin-sans-font-family has-large-font-size\"><strong>Horaires d\u2019intervention \/ disponibilit\u00e9<\/strong><\/p>\n\n\n\n<p class=\"has-text-align-center has-system-sans-serif-font-family\" style=\"font-size:clamp(14px, 0.875rem + ((1vw - 3.2px) * 0.313), 17px);\">Je sais qu\u2019il est parfois difficile pour les clients de trouver un artisan disponible pendant leurs heures de travail.<\/p>\n\n\n\n<div style=\"height:2px\" aria-hidden=\"true\" class=\"wp-block-spacer\"><\/div>\n\n\n\n<p class=\"has-text-align-center has-system-sans-serif-font-family\" style=\"font-size:clamp(14px, 0.875rem + ((1vw - 3.2px) * 0.313), 17px);\">C\u2019est pourquoi je propose des interventions <strong>flexibles, en soir\u00e9e ou entre midi et deux<\/strong>, pour m\u2019adapter \u00e0 votre emploi du temps.<br>Plage indicative : <strong>6h \u00e0 22h du lundi au vendredi<\/strong>, et <strong>week-ends sur demande<\/strong>.<\/p>\n\n\n\n<div style=\"height:2px\" aria-hidden=\"true\" class=\"wp-block-spacer\"><\/div>\n\n\n\n<p class=\"has-text-align-center has-system-sans-serif-font-family\" style=\"font-size:clamp(14px, 0.875rem + ((1vw - 3.2px) * 0.313), 17px);\"><strong>Pour les urgences, n\u2019h\u00e9sitez pas \u00e0 m\u2019appeler directement.<\/strong><\/p>\n\n\n\n<div style=\"height:120px\" aria-hidden=\"true\" class=\"wp-block-spacer\"><\/div>\n","protected":false},"excerpt":{"rendered":"<p>Besoin d\u2019un d\u00e9pannage, d\u2019un petit bricolage ou d\u2019une intervention rapide ? Je suis \u00e0 votre disposition pour r\u00e9pondre \u00e0 toutes vos demandes. N\u2019h\u00e9sitez pas \u00e0 me contacter directement, je vous r\u00e9pondrai dans les plus brefs d\u00e9lais pour \u00e9tablir un devis qui corresponde \u00e0 vos attentes ! Coordonn\u00e9es directes Localisation : Dans le Tarn (81), Rabastens, [&hellip;]<\/p>\n","protected":false},"author":1,"featured_media":0,"parent":0,"menu_order":0,"comment_status":"closed","ping_status":"closed","template":"","meta":{"footnotes":""},"class_list":["post-70","page","type-page","status-publish","hentry"],"_links":{"self":[{"href":"https:\/\/lmservice81.fr\/index.php\/wp-json\/wp\/v2\/pages\/70","targetHints":{"allow":["GET"]}}],"collection":[{"href":"https:\/\/lmservice81.fr\/index.php\/wp-json\/wp\/v2\/pages"}],"about":[{"href":"https:\/\/lmservice81.fr\/index.php\/wp-json\/wp\/v2\/types\/page"}],"author":[{"embeddable":true,"href":"https:\/\/lmservice81.fr\/index.php\/wp-json\/wp\/v2\/users\/1"}],"replies":[{"embeddable":true,"href":"https:\/\/lmservice81.fr\/index.php\/wp-json\/wp\/v2\/comments?post=70"}],"version-history":[{"count":20,"href":"https:\/\/lmservice81.fr\/index.php\/wp-json\/wp\/v2\/pages\/70\/revisions"}],"predecessor-version":[{"id":408,"href":"https:\/\/lmservice81.fr\/index.php\/wp-json\/wp\/v2\/pages\/70\/revisions\/408"}],"wp:attachment":[{"href":"https:\/\/lmservice81.fr\/index.php\/wp-json\/wp\/v2\/media?parent=70"}],"curies":[{"name":"wp","href":"https:\/\/api.w.org\/{rel}","templated":true}]}}